 -t**3 + 3*t**2 + 32*t + 17. Let l be m(-4). Determine k(l).
-5
Let w be (0 - 3*4/12) + 7. Let r(k) = k**3 + 1 + 5*k**2 + 7*k + 0*k**3 - 2*k**3. Determine r(w).
7
Let h(c) be the first derivative of -c**3/3 - 18*c - 502. Let j = 2 - 2. Determine h(j).
-18
Let o(r) be the second derivative of -r**4/6 + 2*r**3/3 - 3*r**2/2 + 254*r. Let q(u) = 5*u. Let d be q(2). Let w be (-3)/(-2)*20/d. Determine o(w).
-9
Let r(i) = 2*i + 13. Let b = 9 + -18. Determine r(b).
-5
Let g(f) = f**3 - 8*f**2 - f + 11. Let a be g(8). Let d(i) = -3 + 0 + a - i. Let r be 2/5 - 46/(-10). Determine d(r).
-5
Let c(f) = f**3 + 4*f**2 - 5*f + 4. Let v be (6/9)/((-4)/(-18)). Let g = -2 + v. Let u be (10/6)/(g/(-3)). Give c(u).
4
Let v(o) be the third derivative of -o**6/720 + 5*o**4/8 + 4*o**2. Let g(y) be the second derivative of v(y). Calculate g(-6).
6
Let t(x) be the second derivative of -x**4/6 + 7*x**3/2 - 3*x**2 + 122*x. Calculate t(10).
4
Let f = -36 + 24. Let h = 6 + f. Let d = h - -8. Let l(i) = i - 2. Determine l(d).
0
Let k(w) = -2*w - 2. Suppose r - 4*o + 32 = 0, 2*r - 3*o + 21 = -18. Let c = -7 - r. Suppose -2*t = 3*t + 5*n + c, -5*t = -n + 17. Calculate k(t).
4
Let v(k) = k**3 - 6*k**2 - 4*k + 21. Let y = -234 + 240. Calculate v(y).
-3
Let j(h) = 2*h + 6. Let n be (-52)/(-416) - (2 + (-65)/(-8)). Give j(n).
-14
Suppose -3*n = -4*n. Let r(d) = d - 4 + 3*d + 0*d + n. Calculate r(5).
16
Suppose 3*x = -23 - 22. Let c = -7 - x. Let l be (0 - -10)/(c/4). Let b(k) = -2*k - 4. Determine b(l).
-14
Let i(k) = 2*k + 1. Let h(x) = x**2 + 10*x - 14. Let o be h(-11). Let j(b) = -2*b**2 - 5*b - 3. Let v be j(o). Let a be v/(-15)*(-2 + 12). Determine i(a).
9
Let d = -4 - -4. Suppose 4*z = 4*p - 0*z - 32, -5*p + z + 28 = d. Let x(t) = -3*t**2 - 2*t - 2 + 5*t + p*t**2 + 0 - t**3. Determine x(2).
4
Let v(q) = 2 + 4*q + 0 - 2*q. Let n = -4677 + 4671. What is v(n)?
-10
Let r(h) = -4*h - 2*h + 1 + 6*h + 2*h. Let d(a) = 3*a + 1. Let f(b) = 3*d(b) - 4*r(b). Give f(2).
1
Let a = 25 - 24. Let h(v) be the second derivative of 7*v**5/20 - v**4/12 - v**3/6 + v**2/2 - 4*v. What is h(a)?
6
Let l be 1 + -4*1 + 3. Let z = 0 - l. Let u(k) = k**2 - 21*k + z*k**2 + 25*k. Determine u(-6).
12
Let v(f) be the first derivative of -f**4/24 + 29*f**2/2 - 14. Let k(x) be the second derivative of v(x). What is k(-4)?
4
Let m(l) = -l**3 + 7*l**2 - 6*l - 4. Let u be (0 - -3)/(-3) + 2. Let f be (-17 + 1)*117/52. Let z be (f/30)/(u/(-5)). Give m(z).
-4
Let n(p) = 74 - 22 + p - 30 - 27. Give n(9).
4
Let m(w) = -w**2 - 2*w + 12. Let d(i) = i**2 + 3*i - 12. Let c(k) = -3*d(k) - 4*m(k). Determine c(0).
-12
Let u(l) be the first derivative of -6*l**2 - 4*l - 878. Determine u(5).
-64
Let h(o) = -7*o + 1 - 4*o**2 + 2 + 3*o**2 + 1. Let s(v) = v - 1. Let c(n) = -h(n) - 6*s(n). Give c(2).
8
Let g(b) = b + 13. Let a be g(-7). Let o be (5 - a)/((-1)/(-3)). Let d(w) = -w**3 - 4*w**2 - 3*w - 3. What is d(o)?
-3
Let q(v) = 7*v**3 - v**2 - 3*v + 26. Let c(f) = 15*f**3 - 8*f + 50. Let d(r) = 6*c(r) - 13*q(r). What is d(12)?
-2
Suppose 0 = -7*q + 8*q - 2. Let k(b) = 2 + 2*b - q - 4*b**2 - 4*b + b**3. Determine k(4).
-8
Let g(v) = v + 6. Let s(a) = -a - 6. Let k(y) = 3*g(y) + 4*s(y). Give k(-7).
1
Let r(m) = m - 8. Suppose -15*x + 7*x + 32 = 0. Calculate r(x).
-4
Let u(f) = -f**2 + 8*f - 9. Let o(k) be the first derivative of -k**2/2 + 3*k - 43. Let b = 5 + -8. Let z be o(b). Calculate u(z).
3
Suppose -5*n + 394 = -5*j + 404, -11 = -4*j + n. Let o(f) = f**3 - 4*f**2 + 8*f - 16. Calculate o(j).
-1
Let a = 18 - 13. Let g(f) = 2*f - 8. Let o be g(a). Let y(i) = i - 1. Let b(m) = -6*m + 4. Let k(q) = b(q) + 2*y(q). Determine k(o).
-6
Suppose 0*g + 5 = -g + 4*u, -3*u = -2*g. Suppose 6*v - g*v = -3*v. Let f(l) = -2 + 4 + 1 - l**3 + l. What is f(v)?
3
Let r(l) = l - 1. Let o(j) = j**2 + 5*j + 15. Let f be o(-6). Let c = -24 + f. Give r(c).
-4
Let l(y) = 2*y - 5. Let v(g) = -g - 2. Let c = 13 + -20. Let n be v(c). Give l(n).
5
Let i(u) = -12*u**3 + u - 1. Suppose 2*l = -3*y - 5, -5*l - 20 = -3*y - 60. Let o = l - 4. Determine i(o).
-12
Let d(m) = -m**3 - 9*m**2 - 2*m - 11. Let o be (-95)/(-19)*9/(-5). Give d(o).
7
Let r(g) = -16. Let k(z) = -5. Let q(l) = 10*k(l) - 3*r(l). Let h(j) = j + 6. Let n(c) = -2*h(c) - 7*q(c). What is n(3)?
-4
Let i = 524 - 525. Let m(q) = -6*q**3 + q**2. Calculate m(i).
7
Let v be 12/5 + -2 - 8/(-5). Let i(x) = x**2 + 129*x - 3*x**v - 127*x - 1. What is i(2)?
-5
Let y(r) be the second derivative of -r**8/6720 + 7*r**5/120 - 3*r**4/2 - 12*r. Let u(m) be the third derivative of y(m). What is u(0)?
7
Let i(c) = -6*c**3 - c**2 - 2*c - 1. Let k be i(-1). Suppose -13*t + 10*t = -k. Let h(l) = -4 - l**2 + 12 - t*l**2 - 4*l + 2*l**2. Calculate h(-6).
-4
Let u be 1*(-15)/((-6)/2). Let f(s) = -2*s**2 - 2*s + 2. Let j(b) = b + b**2 - 2 + 0*b**2 + 0 + 1. Let l(i) = u*j(i) + 2*f(i). Calculate l(0).
-1
Let s = -83 + 87. Let w(c) be the second derivative of c**2 - 3*c + 0 - 1/2*c**3. What is w(s)?
-10
Let s(t) be the third derivative of -t**5/30 + t**4/24 - t**3/3 + 2*t**2. Let q = 0 - -2. Determine s(q).
-8
Let d(k) = -1. Let w(t) = -t - 5. Let g(c) = -4*d(c) + w(c). Suppose 0 = -4*l + 5*z - 3, 7*l - 6*l = -3*z - 5. Determine g(l).
1
Let n(f) = -f**3 + 8*f**2 + 2*f - 3. Let y(g) = g**3 - g**2 - g - 1. Let z(u) = n(u) + 2*y(u). Let l be (-119)/21 + 1/(-3). Determine z(l).
-5
Let i(r) be the third derivative of 1/4*r**4 - 4*r**2 + 0*r + 1/60*r**5 - 1/2*r**3 + 0. Let l = -15 - -8. Determine i(l).
4
Suppose -21 = -k - 27. Let x(m) = 4*m + 14. Calculate x(k).
-10
Let z = 56 + -53. Suppose -4 - 16 = -4*r. Suppose 2*t + z = -r. Let v(l) = -l**2 - l - 4. What is v(t)?
-16
Let c(k) = -3*k**2 + k. Let w(r) be the first derivative of -r**4/4 + 13*r**3/3 - r**2 + 25*r - 3. Let n be w(13). What is c(n)?
-4
Let u(z) = z**3 + z**2 - 18*z + 12. Let h be u(-5). Let r(m) = -6*m**2 + 6*m + 1. Let p(y) = -17*y**2 + 17*y + 2. Let b(t) = 4*p(t) - 11*r(t). What is b(h)?
-7
Let p(g) = 4*g + 6. Let k(m) = -36*m - 56. Let v(x) = 3*k(x) + 28*p(x). Calculate v(1).
4
Let c be 16/(-136) + 4/34. Let k(o) = c*o - 9*o + 15*o + 4*o. Calculate k(-1).
-10
Let p(j) be the first derivative of 3*j**5/20 - j**3/6 + 16*j + 23. Let o(y) be the first derivative of p(y). Calculate o(1).
2
Let v be ((-160)/(-50))/(2/5). Suppose 4 + v = -3*q. Let n(k) be the first derivative of -k**3/3 - 5*k**2/2 + 9. What is n(q)?
4
Suppose 0 = -i + t + 13, -5*i + 21 + 49 = -4*t. Suppose -4*u + u + i = 0. Let a(b) = b - 7. Determine a(u).
-1
Let w(a) be the second derivative of -a**3/3 + a**2/2 - 3*a. Let i(y) = y**2 - 5*y + 4. Let t be i(4). Suppose 6 = -3*u - t. Calculate w(u).
5
Let x = -24 - -26. Suppose -x*l - 4 = -2*c, 3*c - c - 7 = 3*l. Let q(i) = -i - 1. What is q(c)?
0
Suppose -2*h + 32 = 24. Suppose h*v + 3 = -v - z, -3*v - z = 3. Let a(j) be the first derivative of j**4/4 - j**3/3 + j**2/2 + 2. Calculate a(v).
0
Suppose -28*x - 132 = -6*x. Let q(d) = -3*d**2 - 18*d + 2. Let g(n) = 2*n**2 + 12*n - 1. Let h(y) = 7*g(y) + 5*q(y). Determine h(x).
3
Let i(o) be the second derivative of -o**3/3 + o**2/2 + o + 5. What is i(5)?
-9
Let l = 80 - 50. Suppose 2*z - 4*b - l = 0, 3*z - 6*b + 9*b - 27 = 0. Let g(u) = u**3 - 12*u**2 + 12*u - 10. What is g(z)?
1
Let d(t) = -2*t - 23 - 9 + 11 + 0*t. Let w be d(-9). Let x(j) = j**3 + j**2 - 5*j - 3. Calculate x(w).
-6
Let c(t) = 29*t - 1. Let x(m) = -13*m. Let i(l) = -4*c(l) - 9*x(l). Let g(h) = -3*h**3 - h**2 + 1. Let v be g(-1). Give i(v).
7
Suppose h = 5*z - 19, -h - z = -2*z + 7. Let m(f) = f**3 + 5*f**2 + 70336 - 70332 - f**2 + 3*f. What is m(h)?
-8
Suppose -o = 3*q - 9, 2*o = 5*q - 0*o - 15. Suppose 0 = -5*a + 11 - 1. Let v(z) = -z + 4 - 2 + 3 - q*z**2 + 2*z**a. Calculate v(4).
-15
Suppose -2*g - 3*g - 15 = 0. Let a be (-2)/(2 - (g - -3 - 0)). Let w(f) = -f - 2. Determine w(a).
-1
Let q(b) = b + 7. Suppose 6*h - 9*h = -5*l + 31, -3*l + 41 = -5*h. Determine q(h).
0
Suppose y = 34*y - 231. Let s(d) = -d - 3. Determine s(y).
-10
Let d be 1/((-12)/32)*3. Let q(t) = -t**3 - 7*t**2 + 11*t + 15. Give q(d).
-9
Let f(g) be the third derivative of -g**5/60 + g**4/24 - g**3/2 + 13*g**2 - 4. Calculate f(3).
-9
Let c(a) be the second derivative of a**4/12 - 2*a**3/3 - 2*a**2 + a. Suppose -4*l + 15 = 7. Suppose -5*m = -2*q - 29, -8 = 2*q + l*q.